mainder when 3028 is divided by 1366?
296
What is the remainder when 17469 is divided by 104?
101
Calculate the remainder when 745 is divided by 184.
9
Calculate the remainder when 12419 is divided by 23.
22
What is the remainder when 257542 is divided by 126?
124
What is the remainder when 172449 is divided by 42?
39
Calculate the remainder when 22449 is divided by 11222.
5
Calculate the remainder when 33138 is divided by 2365.
28
Calculate the remainder when 7234 is divided by 2281.
391
What is the remainder when 1343 is divided by 634?
75
What is the remainder when 14185 is divided by 221?
41
What is the remainder when 51085 is divided by 198?
1
What is the remainder when 271456 is divided by 18?
16
What is the remainder when 24690 is divided by 6162?
42
What is the remainder when 41731 is divided by 188?
183
Calculate the remainder when 7379 is divided by 145.
129
What is the remainder when 10087 is divided by 24?
7
What is the remainder when 1380 is divided by 164?
68
What is the remainder when 292684 is divided by 88?
84
Calculate the remainder when 1222 is divided by 1184.
38
Calculate the remainder when 191 is divided by 172.
19
What is the remainder when 27778 is divided by 11?
3
Calculate the remainder when 12051 is divided by 3740.
831
What is the remainder when 4112 is divided by 454?
26
Calculate the remainder when 47147 is divided by 248.
27
Calculate the remainder when 2577 is divided by 74.
61
What is the remainder when 31606 is divided by 101?
94
Calculate the remainder when 21533 is divided by 186.
143
Calculate the remainder when 12902 is divided by 187.
186
What is the remainder when 9606 is divided by 4794?
18
Calculate the remainder when 8479 is divided by 207.
199
Calculate the remainder when 4504 is divided by 118.
20
What is the remainder when 12260 is divided by 1938?
632
Calculate the remainder when 9971 is divided by 3313.
32
What is the remainder when 412 is divided by 82?
2
Calculate the remainder when 117658 is divided by 12.
10
What is the remainder when 2233419 is divided by 381?
378
Calculate the remainder when 4736 is divided by 105.
11
Calculate the remainder when 1858 is divided by 349.
113
What is the remainder when 20781 is divided by 2331?
2133
Calculate the remainder when 805069 is divided by 1855.
1854
What is the remainder when 90111 is divided by 19?
13
What is the remainder when 123489 is divided by 106?
105
Calculate the remainder when 24844 is divided by 4137.
22
Calculate the remainder when 2535 is divided by 290.
215
What is the remainder when 26034 is divided by 51?
24
Calculate the remainder when 42465 is divided by 312.
33
What is the remainder when 3859 is divided by 550?
9
What is the remainder when 2095536 is divided by 580?
576
Calculate the remainder when 6780729 is divided by 84.
81
Calculate the remainder when 134370 is divided by 14.
12
Calculate the remainder when 201395 is divided by 100691.
13
Calculate the remainder when 1808 is divided by 879.
50
What is the remainder when 23185 is divided by 124?
121
Calculate the remainder when 3128 is divided by 39.
8
Calculate the remainder when 63758 is divided by 126.
2
What is the remainder when 11174 is divided by 113?
100
Calculate the remainder when 3310 is divided by 207.
205
What is the remainder when 14849 is divided by 928?
1
What is the remainder when 1806 is divided by 1327?
479
What is the remainder when 2411894 is divided by 115?
114
Calculate the remainder when 557925 is divided by 1381.
1
Calculate the remainder when 4266 is divided by 17.
16
What is the remainder when 496491 is divided by 9735?
6
What is the remainder when 14310 is divided by 36?
18
What is the remainder when 106280 is divided by 296?
16
What is the remainder when 3851 is divided by 432?
395
What is the remainder when 7446 is divided by 3700?
46
What is the remainder when 697 is divided by 41?
0
What is the remainder when 4867 is divided by 1160?
227
Calculate the remainder when 677719 is divided by 18.
1
What is the remainder when 2675 is divided by 1290?
95
Calculate the remainder when 311 is divided by 210.
101
What is the remainder when 107225 is divided by 414?
413
What is the remainder when 6301 is divided by 2885?
531
Calculate the remainder when 529 is divided by 307.
222
What is the remainder when 250661 is divided by 60?
41
Calculate the remainder when 15897985 is divided by 1807.
1806
What is the remainder when 210751 is divided by 592?
591
What is the remainder when 18515 is divided by 545?
530
What is the remainder when 65129 is divided by 32546?
37
Calculate the remainder when 9035 is divided by 42.
5
What is the remainder when 366292 is divided by 213?
145
Calculate the remainder when 6415 is divided by 1102.
905
What is the remainder when 1784 is divided by 199?
192
Calculate the remainder when 79431 is divided by 23.
12
Calculate the remainder when 774030 is divided by 162.
156
Calculate the remainder when 11678 is divided by 68.
50
Calculate the remainder when 862 is divided by 87.
79
Calculate the remainder when 2336795 is divided by 1188.
1187
What is the remainder when 20482 is divided by 705?
37
Calculate the remainder when 1112 is divided by 254.
96
What is the remainder when 32995 is divided by 23?
13
Calculate the remainder when 1380 is divided by 230.
0
Calculate the remainder when 13829 is divided by 75.
29
Calculate the remainder when 618 is divided by 578.
40
Calculate the remainder when 48152 is divided by 16046.
14
What is the remainder when 25393 is divided by 368?
1
What is the remainder when 7915 is divided by 189?
166
What is the remainder when 6838 is divided by 26?
0
What is the remainder when 33276 is divided by 1005?
111
Calculate the remainder when 7093 is divided by 665.
443
What is the remainder when 1896 is divided by 910?
76
What is the remainder when 1449 is divided by 356?
25
What is the remainder when 36152 is divided by 7?
4
Calculate the remainder when 2400 is divided by 56.
48
What is the remainder when 2321 is divided by 764?
29
What is the remainder when 10113 is divided by 74?
49
What is the remainder when 246845 is divided by 116?
113
Calculate the remainder when 1128628 is divided by 214.
206
What is the remainder when 238907 is divided by 97?
93
What is the remainder when 198415 is divided by 29?
26
Calculate the remainder when 8900 is divided by 8420.
480
Calculate the remainder when 77836 is divided by 77830.
6
What is the remainder when 2691 is divided by 2689?
2
What is the remainder when 6455 is divided by 301?
134
What is the remainder when 53947 is divided by 98?
47
What is the remainder when 33153 is divided by 271?
91
Calculate the remainder when 26584 is divided by 28.
12
Calculate the remainder when 1704 is divided by 200.
104
Calculate the remainder when 2408374 is divided by 138.
136
What is the remainder when 27550 is divided by 110?
50
Calculate the remainder when 35998 is divided by 632.
606
What is the remainder when 3980 is divided by 366?
320
What is the remainder when 276004 is divided by 48?
4
Calculate the remainder when 3638 is divided by 280.
278
What is the remainder when 406333 is divided by 8?
5
What is the remainder when 33801 is divided by 158?
147
Calculate the remainder when 1169 is divided by 18.
17
What is the remainder when 1675 is divided by 99?
91
What is the remainder when 828151 is divided by 993?
982
What is the remainder when 19103 is divided by 24?
23
Calculate the remainder when 2787 is divided by 153.
33
Calculate the remainder when 2663 is divided by 907.
849
Calculate the remainder when 4572 is divided by 4478.
94
What is the remainder when 1277219 is divided by 30?
29
What is the remainder when 22770 is divided by 632?
18
What is the remainder when 5578 is divided by 15?
13
What is the remainder when 170572 is divided by 93?
10
Calculate the remainder when 315072 is divided by 13128.
0
Calculate the remainder when 1243 is divided by 1229.
14
What is the remainder when 163234 is divided by 81602?
30
Calculate the remainder when 14657 is divided by 4863.
68
Calculate the remainder when 10106 is divided by 2366.
642
What is the remainder when 94981 is divided by 47467?
47
Calculate the remainder when 957 is divided by 164.
137
Calculate the remainder when 6